{"id":7,"date":"2021-10-14T07:47:59","date_gmt":"2021-10-14T07:47:59","guid":{"rendered":"https:\/\/pfeifer-architektur.com\/?page_id=7"},"modified":"2021-10-14T07:48:49","modified_gmt":"2021-10-14T07:48:49","slug":"willkommen","status":"publish","type":"page","link":"https:\/\/pfeifer-architektur.com\/","title":{"rendered":"Willkommen"},"content":{"rendered":"\t\t<div data-elementor-type=\"wp-page\" data-elementor-id=\"7\" class=\"elementor elementor-7\">\n\t\t\t\t\t\t\t\t\t<section class=\"elementor-section elementor-top-section elementor-element elementor-element-e46415d elementor-section-boxed elementor-section-height-default elementor-section-height-default\" data-id=\"e46415d\" data-element_type=\"section\">\n\t\t\t\t\t\t<div class=\"elementor-container elementor-column-gap-default\">\n\t\t\t\t\t<div class=\"elementor-column elementor-col-100 elementor-top-column elementor-element elementor-element-74b781f\" data-id=\"74b781f\" data-element_type=\"column\">\n\t\t\t<div class=\"elementor-widget-wrap elementor-element-populated\">\n\t\t\t\t\t\t\t\t<div class=\"elementor-element elementor-element-52c3258 elementor-widget elementor-widget-heading\" data-id=\"52c3258\" data-element_type=\"widget\" data-widget_type=\"heading.default\">\n\t\t\t\t<div class=\"elementor-widget-container\">\n\t\t\t<style>\/*! elementor - v3.13.3 - 28-05-2023 *\/\n.elementor-heading-title{padding:0;margin:0;line-height:1}.elementor-widget-heading .elementor-heading-title[class*=elementor-size-]>a{color:inherit;font-size:inherit;line-height:inherit}.elementor-widget-heading .elementor-heading-title.elementor-size-small{font-size:15px}.elementor-widget-heading .elementor-heading-title.elementor-size-medium{font-size:19px}.elementor-widget-heading .elementor-heading-title.elementor-size-large{font-size:29px}.elementor-widget-heading .elementor-heading-title.elementor-size-xl{font-size:39px}.elementor-widget-heading .elementor-heading-title.elementor-size-xxl{font-size:59px}<\/style><h2 class=\"elementor-heading-title elementor-size-default\">Willkommen bei Pfeifer Architektur!<\/h2>\t\t<\/div>\n\t\t\t\t<\/div>\n\t\t\t\t\t<\/div>\n\t\t<\/div>\n\t\t\t\t\t\t\t<\/div>\n\t\t<\/section>\n\t\t\t\t<section class=\"elementor-section elementor-top-section elementor-element elementor-element-d95209f elementor-section-boxed elementor-section-height-default elementor-section-height-default\" data-id=\"d95209f\" data-element_type=\"section\">\n\t\t\t\t\t\t<div class=\"elementor-container elementor-column-gap-default\">\n\t\t\t\t\t<div class=\"elementor-column elementor-col-100 elementor-top-column elementor-element elementor-element-faf9cee\" data-id=\"faf9cee\" data-element_type=\"column\">\n\t\t\t<div class=\"elementor-widget-wrap elementor-element-populated\">\n\t\t\t\t\t\t\t\t<div class=\"elementor-element elementor-element-af9c4b1 elementor-widget elementor-widget-text-editor\" data-id=\"af9c4b1\" data-element_type=\"widget\" data-widget_type=\"text-editor.default\">\n\t\t\t\t<div class=\"elementor-widget-container\">\n\t\t\t<style>\/*! elementor - v3.13.3 - 28-05-2023 *\/\n.elementor-widget-text-editor.elementor-drop-cap-view-stacked .elementor-drop-cap{background-color:#69727d;color:#fff}.elementor-widget-text-editor.elementor-drop-cap-view-framed .elementor-drop-cap{color:#69727d;border:3px solid;background-color:transparent}.elementor-widget-text-editor:not(.elementor-drop-cap-view-default) .elementor-drop-cap{margin-top:8px}.elementor-widget-text-editor:not(.elementor-drop-cap-view-default) .elementor-drop-cap-letter{width:1em;height:1em}.elementor-widget-text-editor .elementor-drop-cap{float:left;text-align:center;line-height:1;font-size:50px}.elementor-widget-text-editor .elementor-drop-cap-letter{display:inline-block}<\/style>\t\t\t\t<p>Wir freuen uns \u00fcber Ihren Besuch. Derzeit sind wir dabei unsere Website auf ein neues Design umzustellen.<\/p><p>Bitte haben Sie noch etwas Geduld!<\/p><p>Bald k\u00f6nnen Sie wieder unsere Projekte bestaunen, sich \u00fcber uns informieren und mit uns auch \u00fcber die Website in Kontakt treten.<\/p><p>\u00a0<\/p><p>Wir freuen uns \u00fcber Ihren Besuch und Ihr Projekt!<\/p><p>\u00a0<\/p><p>Klaus Pfeifer<\/p><p>\u00a0<\/p>\t\t\t\t\t\t<\/div>\n\t\t\t\t<\/div>\n\t\t\t\t\t<\/div>\n\t\t<\/div>\n\t\t\t\t\t\t\t<\/div>\n\t\t<\/section>\n\t\t\t\t\t\t\t<\/div>\n\t\t","protected":false},"excerpt":{"rendered":"<p>Willkommen bei Pfeifer Architektur! Wir freuen uns \u00fcber Ihren Besuch. Derzeit sind wir dabei unsere Website auf ein neues Design umzustellen. Bitte haben Sie noch etwas Geduld! Bald k\u00f6nnen Sie wieder unsere Projekte bestaunen, sich \u00fcber uns informieren und mit uns auch \u00fcber die Website in Kontakt treten. \u00a0 Wir freuen uns \u00fcber Ihren Besuch [&hellip;]<\/p>\n","protected":false},"author":1,"featured_media":0,"parent":0,"menu_order":0,"comment_status":"closed","ping_status":"closed","template":"","meta":{"footnotes":""},"class_list":["post-7","page","type-page","status-publish","hentry"],"yoast_head":"<!-- This site is optimized with the Yoast SEO plugin v20.8 - https:\/\/yoast.com\/wordpress\/plugins\/seo\/ -->\n<title>Willkommen - p f e i f e r architektur<\/title>\n<meta name=\"robots\" content=\"index, follow, max-snippet:-1, max-image-preview:large, max-video-preview:-1\" \/>\n<link rel=\"canonical\" href=\"https:\/\/pfeifer-architektur.com\/\" \/>\n<meta property=\"og:locale\" content=\"de_DE\" \/>\n<meta property=\"og:type\" content=\"article\" \/>\n<meta property=\"og:title\" content=\"Willkommen - p f e i f e r architektur\" \/>\n<meta property=\"og:description\" content=\"Willkommen bei Pfeifer Architektur! Wir freuen uns \u00fcber Ihren Besuch. Derzeit sind wir dabei unsere Website auf ein neues Design umzustellen. Bitte haben Sie noch etwas Geduld! Bald k\u00f6nnen Sie wieder unsere Projekte bestaunen, sich \u00fcber uns informieren und mit uns auch \u00fcber die Website in Kontakt treten. \u00a0 Wir freuen uns \u00fcber Ihren Besuch [&hellip;]\" \/>\n<meta property=\"og:url\" content=\"https:\/\/pfeifer-architektur.com\/\" \/>\n<meta property=\"og:site_name\" content=\"p f e i f e r architektur\" \/>\n<meta property=\"article:modified_time\" content=\"2021-10-14T07:48:49+00:00\" \/>\n<meta name=\"twitter:card\" content=\"summary_large_image\" \/>\n<script type=\"application\/ld+json\" class=\"yoast-schema-graph\">{\"@context\":\"https:\/\/schema.org\",\"@graph\":[{\"@type\":\"WebPage\",\"@id\":\"https:\/\/pfeifer-architektur.com\/\",\"url\":\"https:\/\/pfeifer-architektur.com\/\",\"name\":\"Willkommen - p f e i f e r architektur\",\"isPartOf\":{\"@id\":\"https:\/\/pfeifer-architektur.com\/#website\"},\"datePublished\":\"2021-10-14T07:47:59+00:00\",\"dateModified\":\"2021-10-14T07:48:49+00:00\",\"breadcrumb\":{\"@id\":\"https:\/\/pfeifer-architektur.com\/#breadcrumb\"},\"inLanguage\":\"de\",\"potentialAction\":[{\"@type\":\"ReadAction\",\"target\":[\"https:\/\/pfeifer-architektur.com\/\"]}]},{\"@type\":\"BreadcrumbList\",\"@id\":\"https:\/\/pfeifer-architektur.com\/#breadcrumb\",\"itemListElement\":[{\"@type\":\"ListItem\",\"position\":1,\"name\":\"Startseite\",\"item\":\"https:\/\/pfeifer-architektur.com\/\"},{\"@type\":\"ListItem\",\"position\":2,\"name\":\"Willkommen\"}]},{\"@type\":\"WebSite\",\"@id\":\"https:\/\/pfeifer-architektur.com\/#website\",\"url\":\"https:\/\/pfeifer-architektur.com\/\",\"name\":\"p f e i f e r architektur\",\"description\":\"Architektur Entwurf Baueingabe Planung Bauleitung\",\"potentialAction\":[{\"@type\":\"SearchAction\",\"target\":{\"@type\":\"EntryPoint\",\"urlTemplate\":\"https:\/\/pfeifer-architektur.com\/?s={search_term_string}\"},\"query-input\":\"required name=search_term_string\"}],\"inLanguage\":\"de\"}]}<\/script>\n<!-- \/ Yoast SEO plugin. -->","yoast_head_json":{"title":"Willkommen - p f e i f e r architektur","robots":{"index":"index","follow":"follow","max-snippet":"max-snippet:-1","max-image-preview":"max-image-preview:large","max-video-preview":"max-video-preview:-1"},"canonical":"https:\/\/pfeifer-architektur.com\/","og_locale":"de_DE","og_type":"article","og_title":"Willkommen - p f e i f e r architektur","og_description":"Willkommen bei Pfeifer Architektur! Wir freuen uns \u00fcber Ihren Besuch. Derzeit sind wir dabei unsere Website auf ein neues Design umzustellen. Bitte haben Sie noch etwas Geduld! Bald k\u00f6nnen Sie wieder unsere Projekte bestaunen, sich \u00fcber uns informieren und mit uns auch \u00fcber die Website in Kontakt treten. \u00a0 Wir freuen uns \u00fcber Ihren Besuch [&hellip;]","og_url":"https:\/\/pfeifer-architektur.com\/","og_site_name":"p f e i f e r architektur","article_modified_time":"2021-10-14T07:48:49+00:00","twitter_card":"summary_large_image","schema":{"@context":"https:\/\/schema.org","@graph":[{"@type":"WebPage","@id":"https:\/\/pfeifer-architektur.com\/","url":"https:\/\/pfeifer-architektur.com\/","name":"Willkommen - p f e i f e r architektur","isPartOf":{"@id":"https:\/\/pfeifer-architektur.com\/#website"},"datePublished":"2021-10-14T07:47:59+00:00","dateModified":"2021-10-14T07:48:49+00:00","breadcrumb":{"@id":"https:\/\/pfeifer-architektur.com\/#breadcrumb"},"inLanguage":"de","potentialAction":[{"@type":"ReadAction","target":["https:\/\/pfeifer-architektur.com\/"]}]},{"@type":"BreadcrumbList","@id":"https:\/\/pfeifer-architektur.com\/#breadcrumb","itemListElement":[{"@type":"ListItem","position":1,"name":"Startseite","item":"https:\/\/pfeifer-architektur.com\/"},{"@type":"ListItem","position":2,"name":"Willkommen"}]},{"@type":"WebSite","@id":"https:\/\/pfeifer-architektur.com\/#website","url":"https:\/\/pfeifer-architektur.com\/","name":"p f e i f e r architektur","description":"Architektur Entwurf Baueingabe Planung Bauleitung","potentialAction":[{"@type":"SearchAction","target":{"@type":"EntryPoint","urlTemplate":"https:\/\/pfeifer-architektur.com\/?s={search_term_string}"},"query-input":"required name=search_term_string"}],"inLanguage":"de"}]}},"_links":{"self":[{"href":"https:\/\/pfeifer-architektur.com\/index.php?rest_route=\/wp\/v2\/pages\/7","targetHints":{"allow":["GET"]}}],"collection":[{"href":"https:\/\/pfeifer-architektur.com\/index.php?rest_route=\/wp\/v2\/pages"}],"about":[{"href":"https:\/\/pfeifer-architektur.com\/index.php?rest_route=\/wp\/v2\/types\/page"}],"author":[{"embeddable":true,"href":"https:\/\/pfeifer-architektur.com\/index.php?rest_route=\/wp\/v2\/users\/1"}],"replies":[{"embeddable":true,"href":"https:\/\/pfeifer-architektur.com\/index.php?rest_route=%2Fwp%2Fv2%2Fcomments&post=7"}],"version-history":[{"count":7,"href":"https:\/\/pfeifer-architektur.com\/index.php?rest_route=\/wp\/v2\/pages\/7\/revisions"}],"predecessor-version":[{"id":14,"href":"https:\/\/pfeifer-architektur.com\/index.php?rest_route=\/wp\/v2\/pages\/7\/revisions\/14"}],"wp:attachment":[{"href":"https:\/\/pfeifer-architektur.com\/index.php?rest_route=%2Fwp%2Fv2%2Fmedia&parent=7"}],"curies":[{"name":"wp","href":"https:\/\/api.w.org\/{rel}","templated":true}]}}